divided by 238.
237
What is the remainder when 8236 is divided by 8002?
234
Calculate the remainder when 167254 is divided by 104.
22
Calculate the remainder when 318211 is divided by 1647.
340
Calculate the remainder when 244226 is divided by 12206.
106
Calculate the remainder when 109555 is divided by 4057.
16
What is the remainder when 11107740 is divided by 283?
273
What is the remainder when 62196 is divided by 3885?
36
Calculate the remainder when 5414595 is divided by 36.
15
What is the remainder when 1934964 is divided by 1075?
1039
What is the remainder when 68547 is divided by 2434?
395
What is the remainder when 10400035 is divided by 1725?
10
What is the remainder when 32053 is divided by 2462?
47
What is the remainder when 214796 is divided by 438?
176
Calculate the remainder when 369750 is divided by 41072.
102
Calculate the remainder when 1252106 is divided by 242.
240
Calculate the remainder when 13971093 is divided by 137.
107
Calculate the remainder when 213577 is divided by 1138.
771
Calculate the remainder when 596133 is divided by 18627.
69
Calculate the remainder when 476308 is divided by 12873.
7
What is the remainder when 6909185 is divided by 3309?
3302
Calculate the remainder when 67368609 is divided by 76.
5
Calculate the remainder when 2624395 is divided by 13.
7
Calculate the remainder when 161062 is divided by 161048.
14
Calculate the remainder when 285204 is divided by 47534.
0
Calculate the remainder when 55442 is divided by 5269.
2752
What is the remainder when 288380 is divided by 348?
236
What is the remainder when 60577 is divided by 3207?
2851
Calculate the remainder when 44835844 is divided by 83.
74
What is the remainder when 184071 is divided by 4089?
66
What is the remainder when 87970 is divided by 724?
366
Calculate the remainder when 152440 is divided by 19052.
24
What is the remainder when 42814 is divided by 21279?
256
Calculate the remainder when 25364081 is divided by 589862.
15
What is the remainder when 1091917 is divided by 77990?
57
What is the remainder when 1651322 is divided by 550436?
14
What is the remainder when 31667353 is divided by 157549?
4
What is the remainder when 7883814 is divided by 2627932?
18
Calculate the remainder when 5256325 is divided by 2438.
2435
What is the remainder when 536252 is divided by 418?
376
Calculate the remainder when 2468091 is divided by 29.
17
What is the remainder when 2816394 is divided by 671?
207
What is the remainder when 17590 is divided by 3876?
2086
What is the remainder when 13292045 is divided by 741?
728
What is the remainder when 389744 is divided by 313?
59
Calculate the remainder when 5052117 is divided by 8926.
1
Calculate the remainder when 38218 is divided by 4513.
2114
Calculate the remainder when 707173 is divided by 607.
18
What is the remainder when 6076171 is divided by 2263?
16
What is the remainder when 670856 is divided by 3557?
2140
What is the remainder when 430608 is divided by 15920?
768
What is the remainder when 24161 is divided by 4595?
1186
What is the remainder when 7311596 is divided by 1218597?
14
Calculate the remainder when 43996619 is divided by 13.
4
What is the remainder when 9427288 is divided by 17855?
17703
What is the remainder when 586093656 is divided by 31?
30
What is the remainder when 348900 is divided by 348051?
849
What is the remainder when 4365002 is divided by 3990?
3932
Calculate the remainder when 3109228 is divided by 3163.
3162
What is the remainder when 32431 is divided by 1475?
1456
Calculate the remainder when 237993 is divided by 10.
3
Calculate the remainder when 208450626 is divided by 10971085.
11
What is the remainder when 4476765 is divided by 104?
85
What is the remainder when 231733544 is divided by 243?
239
What is the remainder when 87556 is divided by 2465?
1281
Calculate the remainder when 6462404 is divided by 246.
230
Calculate the remainder when 180876 is divided by 164.
148
Calculate the remainder when 10195 is divided by 2027.
60
What is the remainder when 810828 is divided by 631?
624
What is the remainder when 4610593 is divided by 461057?
23
Calculate the remainder when 478338 is divided by 3648.
450
Calculate the remainder when 247954 is divided by 2119.
31
What is the remainder when 4672717 is divided by 126?
7
Calculate the remainder when 50240 is divided by 14785.
5885
What is the remainder when 3554439 is divided by 1184806?
21
Calculate the remainder when 153594089 is divided by 5006.
5003
Calculate the remainder when 11440426 is divided by 5720193.
40
What is the remainder when 201049 is divided by 435?
79
What is the remainder when 2927305 is divided by 102?
7
What is the remainder when 499030 is divided by 24?
22
Calculate the remainder when 417154 is divided by 1227.
1201
What is the remainder when 77895 is divided by 15152?
2135
Calculate the remainder when 3793177 is divided by 6002.
5915
What is the remainder when 3446379 is divided by 721?
720
Calculate the remainder when 834226 is divided by 4235.
4166
Calculate the remainder when 7050947 is divided by 12.
11
What is the remainder when 93506109 is divided by 2352?
2349
What is the remainder when 3221139 is divided by 3059?
12
Calculate the remainder when 9177301 is divided by 4588621.
59
What is the remainder when 204214 is divided by 38?
2
What is the remainder when 3647767 is divided by 98?
11
What is the remainder when 2043381 is divided by 2?
1
What is the remainder when 9958 is divided by 113?
14
Calculate the remainder when 862633 is divided by 87.
28
Calculate the remainder when 27274051 is divided by 18354.
7
What is the remainder when 1433748 is divided by 1030?
1018
What is the remainder when 664419 is divided by 313?
233
What is the remainder when 847659 is divided by 1792?
43
Calculate the remainder when 194055815 is divided by 12.
11
What is the remainder when 199200 is divided by 9450?
750
What is the remainder when 38482294 is divided by 456?
454
What is the remainder when 93536 is divided by 269?
193
Calculate the remainder when 25321653 is divided by 567.
0
Calculate the remainder when 2267308 is divided by 8526.
7918
What is the remainder when 48799 is divided by 4260?
1939
Calculate the remainder when 202133 is divided by 201730.
403
What is the remainder when 4223467 is divided by 844687?
32
What is the remainder when 922359 is divided by 230506?
335
Calculate the remainder when 141535 is divided by 141327.
208
Calculate the remainder when 83031 is divided by 13326.
3075
What is the remainder when 3774726 is divided by 44?
10
What is the remainder when 91420391 is divided by 274?
17
Calculate the remainder when 33926872 is divided by 125.
122
Calculate the remainder when 4932773 is divided by 68.
53
What is the remainder when 17983128 is divided by 8991563?
2
What is the remainder when 32962 is divided by 578?
16
What is the remainder when 37495 is divided by 3109?
187
Calculate the remainder when 37992946 is divided by 17404.
14
Calculate the remainder when 35352410 is divided by 16613.
16559
What is the remainder when 65097358 is divided by 72?
70
What is the remainder when 3184547 is divided by 631?
521
What is the remainder when 50773558 is divided by 204?
202
Calculate the remainder when 207420 is divided by 73.
27
What is the remainder when 21515 is divided by 564?
83
Calculate the remainder when 303670 is divided by 298.
8
Calculate the remainder when 22884 is divided by 273.
225
What is the remainder when 216111 is divided by 71412?
1875
Calculate the remainder when 304836 is divided by 27706.
70
Calculate the remainder when 51089313 is divided by 222.
9
Calculate the remainder when 75665044 is divided by 25221676.
16
What is the remainder when 11865151 is divided by 546?
25
Calculate the remainder when 3923984 is divided by 5420.
5324
Calculate the remainder when 8351901 is divided by 27204.
273
Calculate the remainder when 61614888 is divided by 242.
236
What is the remainder when 1486388 is divided by 3881?
3846
What is the remainder when 11461331 is divided by 636740?
11
What is the remainder when 3568738 is divided by 356872?
18
What is the remainder when 262841 is divided by 130660?
1521
What is the remainder when 5999130 is divided by 1555?
1495
What is the remainder 